 58. Suppose -h + g = -7. What are the prime factors of h?
2, 3, 5
Suppose 0 = 3*d + d + 100. Let q = d + 68. Suppose -2*j + q + 0 = 5*y, 3*y - 37 = -4*j. List the prime factors of y.
7
Let u be -3 - 1/((-3)/93). Let g be 2/4 + u/8. Suppose -b + 3*c + g = 0, -c - 2*c = -2*b + 14. What are the prime factors of b?
2, 5
Let g(r) = r**2 - 8*r - 15. Let w be g(11). Let f = 31 - w. List the prime factors of f.
13
List the prime factors of 0 + 1 + 36/2.
19
Let n be 1 - 3*(-20)/6. Suppose -3*a - n + 47 = 0. What are the prime factors of a?
2, 3
Let x be (2/2)/(2/10). Let p = -2 + x. What are the prime factors of p?
3
Let r = -47 + 49. Suppose 3*k - 96 = 111. Suppose -4*f - 2*c = -74, c + k = 4*f + r*c. What are the prime factors of f?
2
Suppose -4*c = -3*c - 3. Suppose -c*s = -5*a - 11, 0 = -4*s - 4*a + 4. Suppose -3*t = 2*t + s*z - 91, 4*z = -3*t + 63. List the prime factors of t.
17
Suppose -10*l = -7*l. Suppose 0 = -l*j + 2*j - 64. List the prime factors of j.
2
Let w(o) = -4*o - o**3 - 4*o**2 - 1 + o - 2. Let s be -1 - (1 - (1 - 3)). What are the prime factors of w(s)?
3
Suppose 0 = 4*b - 12 - 316. List the prime factors of b.
2, 41
Let i = 68 + -46. What are the prime factors of i?
2, 11
Let z = 1 - -20. What are the prime factors of z?
3, 7
Let y = 0 + -1. Let a be (-9)/(y + -1 + 1). Let f = 23 - a. List the prime factors of f.
2, 7
Suppose -2*n + 20 = 4*j, -3*j + 2*j = 0. Let k be 4/n + (-23)/(-5). Suppose 40 - 5 = k*i. List the prime factors of i.
7
Let m(o) = -3*o - 1. Let t(h) = -h**3 - h - 1. Let b(d) = m(d) - 2*t(d). Let y be b(2). What are the prime factors of (9/5)/(3/y)?
3
Let x be (-2)/(-6) - 23/(-3). Let h be 15/20 - 214/x. Let s = 38 + h. What are the prime factors of s?
2, 3
Suppose -12 = -2*i - 2*i + b, 5*i - 5*b = 0. Suppose 2*d + 2*d - 180 = -5*y, 0 = i*d + 20. What are the prime factors of y?
2, 5
Let t = 6 + -1. Let w(z) = -z + 6. Let g be w(4). Suppose -g*q + 3*l + t = -q, 3*l = -5*q + 61. What are the prime factors of q?
11
Suppose -5*y = -80 - 85. What are the prime factors of y?
3, 11
Suppose -2*h - 4 = 8. Let v = 7 - -2. Let o = v + h. List the prime factors of o.
3
Let t be 4/18 - 890/(-45). Suppose 4 = n + 4*y, -2*n + y = 3*n - t. List the prime factors of n.
2
Suppose 0 = b - 25. Let w(p) = p**3 - 4*p**2 + 4*p - 2. Let z be w(3). List the prime factors of ((-6)/(-15))/(z/b).
2, 5
Let i(j) = j**2 + 3*j - 6. List the prime factors of i(-6).
2, 3
Let p be (8/3 + -2)*12. Let k be (-2)/8 + 34/p. Suppose 5*n + 3 = q, q + n = k*n + 7. What are the prime factors of q?
13
Let v(m) = -10*m**3 + m. Let h(c) = c**2. Let k(g) = -3*g**2 - 6*g - 6. Let y(d) = -4*h(d) - k(d). Let u be y(7). List the prime factors of v(u).
3
Suppose 0*k = -4*k + 156. What are the prime factors of k?
3, 13
Suppose d - 14 - 26 = a, d - 30 = 3*a. What are the prime factors of d?
3, 5
Let j = 11 + -9. What are the prime factors of (j + -8)/(14/(-21))?
3
Suppose -2*a = -4*a. Suppose a = 4*p + 2 - 10. Suppose -5*u = -5*x + 45, -3*u - p*u - 38 = -4*x. List the prime factors of x.
7
Suppose 0 = -2*s + 5*q + 156, 6*s - s - 2*q - 348 = 0. What are the prime factors of s?
2, 17
Suppose -140 = -5*a + n, -3*n = -0*a - 2*a + 56. What are the prime factors of a?
2, 7
Suppose k + 1 = -4, 50 = l - k. List the prime factors of l.
3, 5
Let z(l) = -l + 5. Suppose 5*f + 11 + 50 = -2*b, 2*b + 26 = 2*f. Let o = b - -13. What are the prime factors of z(o)?
2, 5
Suppose 0 = t + 4. What are the prime factors of 8 + (-3 - (t + -2))?
11
Let c(i) = 10*i - 8. List the prime factors of c(3).
2, 11
Let f(r) = 3*r**2 + 4*r + 17. List the prime factors of f(-7).
2, 17
Let o be (0/(-3))/(1 - 0). Suppose -5*p + 3*p + 6 = o. Suppose 0 = -p*r + 4*r - 9. What are the prime factors of r?
3
List the prime factors of -4 + 3*664/6.
2, 41
Let n = 12 + -6. List the prime factors of ((-57)/n)/((-2)/4).
19
Suppose 0 = 3*a + u - 14, 5*a + 4 = -3*u + 30. Suppose -2*t = -a*t - 4. List the prime factors of (-3 + t)*1/(-1).
5
Let h(v) = -4*v + 39. Let x(a) = -5*a + 39. Let z(b) = 3*h(b) - 2*x(b). List the prime factors of z(0).
3, 13
Let f(t) = t**2 + 5*t**3 - 4*t**3 + 2*t**2. Let c be f(-3). Suppose 4*y + 9*u - 40 = 4*u, -3*y - 5*u + 30 = c. List the prime factors of y.
2, 5
Suppose 3*n - 4*n = -1. What are the prime factors of (-21)/(-12) - n/(-4)?
2
Let a be (-30)/9*(-144)/(-20). Let j = 49 + a. List the prime factors of j.
5
Let j be (-63 + 0)/(-1 + 2). Let h = -40 - j. Suppose i + 0*z - 4*z - h = 0, 0 = -z - 4. List the prime factors of i.
7
Let g(r) = -r**2 - 5*r - 16. Let a(z) = -z - 1. Let p(u) = 6*a(u) - g(u). List the prime factors of p(0).
2, 5
Suppose -160 = -r + 4*v, 5 = -5*v - 0. List the prime factors of r.
2, 3, 13
Let y(l) = -5*l + 20. List the prime factors of y(-10).
2, 5, 7
Let d(i) = i**3 + i**2 + 3*i - 2. List the prime factors of d(3).
43
Let n = 1202 + -788. List the prime factors of n.
2, 3, 23
Suppose -8 = -s + 28. Let u be 20/(-3)*s/(-8). Suppose w - u = -4*w. What are the prime factors of w?
2, 3
Let x(u) = 4*u + 8. Let h be x(6). Suppose 0 = 2*m + 2*i - h, 3*m - 5*i - 26 = 14. What are the prime factors of m?
3, 5
Suppose -27*l - 1292 = -31*l. List the prime factors of l.
17, 19
Let t(j) be the first derivative of -j**4/4 - 7*j**3/3 - 5*j**2/2 + 4*j + 1. Let k be t(-6). Let w = 4 - k. What are the prime factors of w?
2, 3
Suppose -4*q - 3*g + 7 = 0, -3*g - 2*g = -4*q + 31. Suppose 4*a - 36 = -q*m, 0 = -3*a - 0*a + 2*m + 52. List the prime factors of a.
2, 7
Let w = 0 - -8. Let z = w - 5. Suppose d = 14 - z. What are the prime factors of d?
11
Suppose 2*t + 56 = -2*t. Let y be 1/(-2)*(-2 - t). Let n = 10 + y. List the prime factors of n.
2
Let i(m) = m**2 - 10*m + 10. Suppose -2*d - 3*d + 55 = 0. Let o = -1 + d. What are the prime factors of i(o)?
2, 5
Let i be (-1 + 3)*(-6)/(-4). Suppose 6*u - 3*u = -5*c + 71, 5*u - 107 = i*c. What are the prime factors of u?
2, 11
Let d be (-6)/9 - 19/3. Let l = d - -9. Suppose -h - 3*s = -21, -4*h - l*s - 24 = -78. What are the prime factors of h?
2, 3
Let n = 75 + 294. List the prime factors of n.
3, 41
Suppose 0 = -2*b - 3*h - 81 + 212, h = 5. List the prime factors of b.
2, 29
Let h(f) = -6*f - 2. List the prime factors of h(-5).
2, 7
Let j be 0/((-6)/3) + 3. Suppose -a + 2*g = j*g - 2, 4*g + 37 = 5*a. What are the prime factors of a?
5
Suppose -7 = -2*i - 1. Let q = i - -9. Suppose -2*f + 0*f = -q. What are the prime factors of f?
2, 3
Let d be (0 - -6) + (0 - 2). Let b(i) = i**2 - 8*i + 9. Let w be b(7). Suppose g - w - d = -u, -26 = -u + 4*g. What are the prime factors of u?
2, 5
Let s(j) = j**2 + 3*j - 4. Let t be s(2). Suppose -t = -0*g - 3*g. List the prime factors of g.
2
Let q = 58 + -101. Suppose -f - 5 - 7 = 0. List the prime factors of q/(-4) + (-3)/f.
11
Suppose -5*u + 38 = -2. Suppose 5*l + 1 - 71 = 0. List the prime factors of (-6 - -10)*l/u.
7
Let l = 2 - 4. What are the prime factors of l/(-10) + (-108)/(-10)?
11
Suppose 0 = -3*k - 2*k + 115. Let f = 13 - k. What are the prime factors of (0 + -1)/(2/f)?
5
Let p(v) = -v - 6. Let y = -11 - -6. Let h be p(y). List the prime factors of 5 - h*(4 + -2).
7
Let c be (-2)/6 - (-4)/12. Suppose c = -2*q - 2*i + 46, -4*q - i + 127 = -4*i. What are the prime factors of ((-4)/8)/((-2)/q)?
7
Let p(o) = o**3 + 7*o**2 + 5*o + 6. Let z be p(-5). Suppose 94 = 2*h - 2*r, 3*h - 4*r + 0*r - 143 = 0. Let u = h - z. List the prime factors of u.
2, 7
Let u be 6 - (1 + -2 + 1). Let n = u + -4. What are the prime factors of n?
2
Suppose -2 = -t + 3*d, 0 = 5*t + 3*d - d - 10. Suppose -z = t*z - 3. What are the prime factors of (-1)/(z/18*-2)?
3
Let q = 62 + -39. Suppose 5*o = 4*s + q, o + s = 2*o - 4. List the prime factors of o.
7
Let r = -13 - -15. Suppose -r*v = -142 + 46. What are the prime factors of v?
2, 3
Let c(l) = -l**3 - l**2 + 2*l. Let s be c(-2). Suppose -3 = -t - s. What are the prime factors of t?
3
Let x(l) = -l**2 - 11*l + 15. Let k be x(-12). Suppose -96 = -4*a + 3*z, 2*a + k*z + 48 = 4*a. What are the prime factors of a?
2, 3
Suppose -3*f - 15 = -6, 0 = m - 3*f - 297. What are the prime factors of m?
2, 3
List the prime factors of ((-1425)/(-6) - 1/(-2)) + -1.
3, 79
Let d(t) = t**3 - t + 2. Let h be d(0). Suppose h*j = 2 - 18. Let a(l) = l**2 + 9*l + 11. List the prime factor